{"id":448,"date":"2020-09-22T14:28:58","date_gmt":"2020-09-22T12:28:58","guid":{"rendered":"https:\/\/actpaysage.com\/?page_id=448"},"modified":"2022-03-18T09:49:02","modified_gmt":"2022-03-18T08:49:02","slug":"manifeste-valeur-affective","status":"publish","type":"page","link":"https:\/\/actpaysage.com\/index.php\/manifeste-valeur-affective\/","title":{"rendered":"Manifeste &#8211; Valeur affective"},"content":{"rendered":"<p>[et_pb_section fb_built=\u00a0\u00bb1&Prime; fullwidth=\u00a0\u00bbon\u00a0\u00bb _builder_version=\u00a0\u00bb4.15&Prime; _module_preset=\u00a0\u00bbdefault\u00a0\u00bb background_color=\u00a0\u00bb#f5f3ee\u00a0\u00bb global_colors_info=\u00a0\u00bb{}\u00a0\u00bb][et_pb_fullwidth_menu menu_id=\u00a0\u00bb6&Prime; logo=\u00a0\u00bbhttps:\/\/actpaysage.com\/wp-content\/uploads\/2020\/09\/ACt_LOGO_200x100.png\u00a0\u00bb logo_url=\u00a0\u00bb@ET-DC@eyJkeW5hbWljIjp0cnVlLCJjb250ZW50IjoiaG9tZV91cmwiLCJzZXR0aW5ncyI6e319@\u00a0\u00bb disabled_on=\u00a0\u00bboff|on|on\u00a0\u00bb _builder_version=\u00a0\u00bb4.15&Prime; _dynamic_attributes=\u00a0\u00bblogo_url\u00a0\u00bb _module_preset=\u00a0\u00bbdefault\u00a0\u00bb background_color=\u00a0\u00bb#f5f3ee\u00a0\u00bb global_colors_info=\u00a0\u00bb{}\u00a0\u00bb][\/et_pb_fullwidth_menu][\/et_pb_section][et_pb_section fb_built=\u00a0\u00bb1&Prime; _builder_version=\u00a0\u00bb4.15&Prime; _module_preset=\u00a0\u00bbdefault\u00a0\u00bb background_color=\u00a0\u00bb#f5f3ee\u00a0\u00bb global_colors_info=\u00a0\u00bb{}\u00a0\u00bb][et_pb_row column_structure=\u00a0\u00bb1_4,3_4&Prime; _builder_version=\u00a0\u00bb4.15&Prime; _module_preset=\u00a0\u00bbdefault\u00a0\u00bb global_colors_info=\u00a0\u00bb{}\u00a0\u00bb][et_pb_column type=\u00a0\u00bb1_4&Prime; _builder_version=\u00a0\u00bb4.15&Prime; _module_preset=\u00a0\u00bbdefault\u00a0\u00bb global_colors_info=\u00a0\u00bb{}\u00a0\u00bb][et_pb_sidebar area=\u00a0\u00bbet_pb_widget_area_1&Prime; show_border=\u00a0\u00bboff\u00a0\u00bb disabled_on=\u00a0\u00bbon|on|off\u00a0\u00bb _builder_version=\u00a0\u00bb4.15&Prime; _module_preset=\u00a0\u00bbdefault\u00a0\u00bb sticky_position=\u00a0\u00bbtop\u00a0\u00bb global_colors_info=\u00a0\u00bb{}\u00a0\u00bb][\/et_pb_sidebar][\/et_pb_column][et_pb_column type=\u00a0\u00bb3_4&Prime; _builder_version=\u00a0\u00bb4.15&Prime; _module_preset=\u00a0\u00bbdefault\u00a0\u00bb global_colors_info=\u00a0\u00bb{}\u00a0\u00bb][et_pb_text _builder_version=\u00a0\u00bb4.15&Prime; _module_preset=\u00a0\u00bbdefault\u00a0\u00bb text_font_size=\u00a0\u00bb100px\u00a0\u00bb text_line_height=\u00a0\u00bb1em\u00a0\u00bb text_font_size_tablet=\u00a0\u00bb80px\u00a0\u00bb text_font_size_phone=\u00a0\u00bb60px\u00a0\u00bb text_font_size_last_edited=\u00a0\u00bbon|phone\u00a0\u00bb global_colors_info=\u00a0\u00bb{}\u00a0\u00bb]<\/p>\n<p><b>Une valeur affective<\/b><\/p>\n<p>[\/et_pb_text][et_pb_text _builder_version=\u00a0\u00bb4.15&Prime; _module_preset=\u00a0\u00bbdefault\u00a0\u00bb global_colors_info=\u00a0\u00bb{}\u00a0\u00bb]<\/p>\n<p>Un projet de paysage doit offrir un cadre \u00e0 nos \u00e9motions. C\u2019est dialoguer avec le ressenti, le sensible. C\u2019est convoquer l\u2019invisible et l\u2019impalpable. Un paysage ce n\u2019est pas simplement une esth\u00e9tique mais une v\u00e9ritable connexion aux besoins et aux valeurs contemporaines<strong>. <\/strong>C\u2019est donc pour nous une valeur affective. Un lieu rassurant capable de parler \u00e0 chacun \u00e0 d\u00e9faut de parler \u00e0 tous. C\u2019est \u00e0 dire qu\u2019il est source de sensibilit\u00e9<strong>.<\/strong><o:p><\/o:p><\/p>\n<p>Face \u00e0 nos besoins d\u00e9saccord\u00e9s par la modernit\u00e9, face \u00e0 notre quotidien, l\u2019Homme parait s\u2019absenter de la vie comme de lui-m\u00eame, en rupture avec son milieu. Notre ambition est d\u2019offrir une exp\u00e9rience humaine. \u00a0<o:p><\/o:p><\/p>\n<p>Nous savons que <em>\u00ab\u00a0Le sentiment reste subjectif, circonstanci\u00e9, rarement lucide mais il d\u00e9finit notre perception du lieu investi, travers\u00e9, vu \u00bb.<\/em> De cette mani\u00e8re, nous ne cherchons pas \u00e0 susciter ou imposer tel ou tel type de sentiment mais simplement de procurer une \u00e9motion.<o:p><\/o:p><\/p>\n<p><em>Qu\u2019est-ce que l\u2019on voit dans le paysage ? On voit ce que l\u2019on sait<\/em> (entretien Peter Latz et Gaetane la marche-Vadel)\u2026 nous pourrions rajouter\u00a0: on voit ce que l\u2019on ressent.<o:p><\/o:p><\/p>\n<p>[\/et_pb_text][\/et_pb_column][\/et_pb_row][\/et_pb_section]<\/p>\n","protected":false},"excerpt":{"rendered":"<p>Une valeur affectiveUn projet de paysage doit offrir un cadre \u00e0 nos \u00e9motions. C\u2019est dialoguer avec le ressenti, le sensible. C\u2019est convoquer l\u2019invisible et l\u2019impalpable. Un paysage ce n\u2019est pas simplement une esth\u00e9tique mais une v\u00e9ritable connexion aux besoins et aux valeurs contemporaines. C\u2019est donc pour nous une valeur affective. Un lieu rassurant capable de [&hellip;]<\/p>\n","protected":false},"author":1,"featured_media":0,"parent":0,"menu_order":0,"comment_status":"closed","ping_status":"closed","template":"","meta":{"_et_pb_use_builder":"on","_et_pb_old_content":"","_et_gb_content_width":"","footnotes":""},"class_list":["post-448","page","type-page","status-publish","hentry"],"_links":{"self":[{"href":"https:\/\/actpaysage.com\/index.php\/wp-json\/wp\/v2\/pages\/448","targetHints":{"allow":["GET"]}}],"collection":[{"href":"https:\/\/actpaysage.com\/index.php\/wp-json\/wp\/v2\/pages"}],"about":[{"href":"https:\/\/actpaysage.com\/index.php\/wp-json\/wp\/v2\/types\/page"}],"author":[{"embeddable":true,"href":"https:\/\/actpaysage.com\/index.php\/wp-json\/wp\/v2\/users\/1"}],"replies":[{"embeddable":true,"href":"https:\/\/actpaysage.com\/index.php\/wp-json\/wp\/v2\/comments?post=448"}],"version-history":[{"count":11,"href":"https:\/\/actpaysage.com\/index.php\/wp-json\/wp\/v2\/pages\/448\/revisions"}],"predecessor-version":[{"id":599,"href":"https:\/\/actpaysage.com\/index.php\/wp-json\/wp\/v2\/pages\/448\/revisions\/599"}],"wp:attachment":[{"href":"https:\/\/actpaysage.com\/index.php\/wp-json\/wp\/v2\/media?parent=448"}],"curies":[{"name":"wp","href":"https:\/\/api.w.org\/{rel}","templated":true}]}}

<p>[et_pb_section fb_built= »1&Prime; fullwidth= »on » _builder_version= »4.15&Prime; _module_preset= »default » background_color= »#f5f3ee » global_colors_info= »{} »][et_pb_fullwidth_menu menu_id= »6&Prime; logo= »https://actpaysage.com/wp-content/uploads/2020/09/ACt_LOGO_200x100.png » logo_url= »@ET-DC@eyJkeW5hbWljIjp0cnVlLCJjb250ZW50IjoiaG9tZV91cmwiLCJzZXR0aW5ncyI6e319@ » disabled_on= »off|on|on » _builder_version= »4.15&Prime; _dynamic_attributes= »logo_url » _module_preset= »default » background_color= »#f5f3ee » global_colors_info= »{} »][/et_pb_fullwidth_menu][/et_pb_section][et_pb_section fb_built= »1&Prime; _builder_version= »4.15&Prime; _module_preset= »default » background_color= »#f5f3ee » global_colors_info= »{} »][et_pb_row column_structure= »1_4,3_4&Prime; _builder_version= »4.15&Prime; _module_preset= »default » global_colors_info= »{} »][et_pb_column type= »1_4&Prime; _builder_version= »4.15&Prime; _module_preset= »default » global_colors_info= »{} »][et_pb_sidebar area= »et_pb_widget_area_1&Prime; show_border= »off » disabled_on= »on|on|off » _builder_version= »4.15&Prime; _module_preset= »default » sticky_position= »top » global_colors_info= »{} »][/et_pb_sidebar][/et_pb_column][et_pb_column type= »3_4&Prime; _builder_version= »4.15&Prime; _module_preset= »default » global_colors_info= »{} »][et_pb_text _builder_version= »4.15&Prime; _module_preset= »default » text_font_size= »100px » text_line_height= »1em » text_font_size_tablet= »80px » text_font_size_phone= »60px » text_font_size_last_edited= »on|phone » global_colors_info= »{} »]</p>
<p><b>Une valeur affective</b></p>
<p>[/et_pb_text][et_pb_text _builder_version= »4.15&Prime; _module_preset= »default » global_colors_info= »{} »]</p>
<p>Un projet de paysage doit offrir un cadre à nos émotions. C’est dialoguer avec le ressenti, le sensible. C’est convoquer l’invisible et l’impalpable. Un paysage ce n’est pas simplement une esthétique mais une véritable connexion aux besoins et aux valeurs contemporaines<strong>. </strong>C’est donc pour nous une valeur affective. Un lieu rassurant capable de parler à chacun à défaut de parler à tous. C’est à dire qu’il est source de sensibilité<strong>.</strong><o:p></o:p></p>
<p>Face à nos besoins désaccordés par la modernité, face à notre quotidien, l’Homme parait s’absenter de la vie comme de lui-même, en rupture avec son milieu. Notre ambition est d’offrir une expérience humaine.  <o:p></o:p></p>
<p>Nous savons que <em>« Le sentiment reste subjectif, circonstancié, rarement lucide mais il définit notre perception du lieu investi, traversé, vu ».</em> De cette manière, nous ne cherchons pas à susciter ou imposer tel ou tel type de sentiment mais simplement de procurer une émotion.<o:p></o:p></p>
<p><em>Qu’est-ce que l’on voit dans le paysage ? On voit ce que l’on sait</em> (entretien Peter Latz et Gaetane la marche-Vadel)… nous pourrions rajouter : on voit ce que l’on ressent.<o:p></o:p></p>
<p>[/et_pb_text][/et_pb_column][/et_pb_row][/et_pb_section]</p>

<p>Une valeur affectiveUn projet de paysage doit offrir un cadre à nos émotions. C’est dialoguer avec le ressenti, le sensible. C’est convoquer l’invisible et l’impalpable. Un paysage ce n’est pas simplement une esthétique mais une véritable connexion aux besoins et aux valeurs contemporaines. C’est donc pour nous une valeur affective. Un lieu rassurant capable de [&hellip;]</p>
