{"id":460,"date":"2020-09-22T14:34:26","date_gmt":"2020-09-22T12:34:26","guid":{"rendered":"https:\/\/actpaysage.com\/?page_id=460"},"modified":"2020-09-22T16:40:01","modified_gmt":"2020-09-22T14:40:01","slug":"manifeste-le-paysagiste-engage","status":"publish","type":"page","link":"https:\/\/actpaysage.com\/index.php\/manifeste-le-paysagiste-engage\/","title":{"rendered":"Manifeste &#8211; Le paysagiste engag\u00e9"},"content":{"rendered":"<p>[et_pb_section fb_built=\u00a0\u00bb1&Prime; fullwidth=\u00a0\u00bbon\u00a0\u00bb _builder_version=\u00a0\u00bb4.6.1&Prime; _module_preset=\u00a0\u00bbdefault\u00a0\u00bb background_color=\u00a0\u00bb#f5f3ee\u00a0\u00bb][et_pb_fullwidth_menu menu_id=\u00a0\u00bb6&Prime; logo=\u00a0\u00bbhttps:\/\/actpaysage.com\/wp-content\/uploads\/2020\/09\/ACt_LOGO_200x100.png\u00a0\u00bb logo_url=\u00a0\u00bb@ET-DC@eyJkeW5hbWljIjp0cnVlLCJjb250ZW50IjoiaG9tZV91cmwiLCJzZXR0aW5ncyI6e319@\u00a0\u00bb disabled_on=\u00a0\u00bboff|on|on\u00a0\u00bb _builder_version=\u00a0\u00bb4.6.1&Prime; _dynamic_attributes=\u00a0\u00bblogo_url\u00a0\u00bb _module_preset=\u00a0\u00bbdefault\u00a0\u00bb background_color=\u00a0\u00bb#f5f3ee\u00a0\u00bb][\/et_pb_fullwidth_menu][\/et_pb_section][et_pb_section fb_built=\u00a0\u00bb1&Prime; _builder_version=\u00a0\u00bb4.6.1&Prime; _module_preset=\u00a0\u00bbdefault\u00a0\u00bb background_color=\u00a0\u00bb#f5f3ee\u00a0\u00bb][et_pb_row column_structure=\u00a0\u00bb1_4,3_4&Prime; _builder_version=\u00a0\u00bb4.6.1&Prime; _module_preset=\u00a0\u00bbdefault\u00a0\u00bb][et_pb_column type=\u00a0\u00bb1_4&Prime; _builder_version=\u00a0\u00bb4.6.1&Prime; _module_preset=\u00a0\u00bbdefault\u00a0\u00bb][et_pb_sidebar area=\u00a0\u00bbet_pb_widget_area_1&Prime; show_border=\u00a0\u00bboff\u00a0\u00bb disabled_on=\u00a0\u00bbon|on|off\u00a0\u00bb _builder_version=\u00a0\u00bb4.6.1&Prime; _module_preset=\u00a0\u00bbdefault\u00a0\u00bb sticky_position=\u00a0\u00bbtop\u00a0\u00bb][\/et_pb_sidebar][\/et_pb_column][et_pb_column type=\u00a0\u00bb3_4&Prime; _builder_version=\u00a0\u00bb4.6.1&Prime; _module_preset=\u00a0\u00bbdefault\u00a0\u00bb][et_pb_text _builder_version=\u00a0\u00bb4.6.1&Prime; _module_preset=\u00a0\u00bbdefault\u00a0\u00bb text_font_size=\u00a0\u00bb100px\u00a0\u00bb text_line_height=\u00a0\u00bb1em\u00a0\u00bb text_font_size_tablet=\u00a0\u00bb80px\u00a0\u00bb text_font_size_phone=\u00a0\u00bb60px\u00a0\u00bb text_font_size_last_edited=\u00a0\u00bbon|phone\u00a0\u00bb]<\/p>\n<p><strong>Le paysagiste engag\u00e9<\/strong><\/p>\n<p>[\/et_pb_text][et_pb_text _builder_version=\u00a0\u00bb4.6.1&Prime; _module_preset=\u00a0\u00bbdefault\u00a0\u00bb]<\/p>\n<p>Quel avenir donnons-nous \u00e0 un site nouvellement construit ?<\/p>\n<p>Quelle possibilit\u00e9 d\u2019\u00e9volution laissons-nous au paysage livr\u00e9 ?<\/p>\n<p>Notre m\u00e9tier est d\u2019installer les conditions n\u00e9cessaires \u00e0 l\u2019autonomie. C\u2019est cr\u00e9er, organiser, envisager, penser un site sans le potentiel entretien n\u00e9cessaire \u00e0 sa survie.<\/p>\n<p>Notre ambition est d\u2019offrir un paysage o\u00f9 sa seule vocation n\u2019est pas de l\u2019entretenir.<\/p>\n<p>Notre ambition est principalement d\u2019offrir les pr\u00e9mices \u00e0 un \u00e9quilibre le plus stable possible\u00a0; d\u2019installer un paysage destin\u00e9 \u00e0 s\u2019\u00e9panouir et s\u2019\u00e9manciper.<\/p>\n<p>Sortir d\u2019un entretien co\u00fbteux qui fragilise le devenir d\u2019un paysage. Anticiper le rythme d\u2019\u00e9volution de la palette v\u00e9g\u00e9tale, c\u2019est comprendre comment la dynamique v\u00e9g\u00e9tale peut r\u00e9duire les entretiens.<\/p>\n<p>Et<\/p>\n<p>Pour nous, oublier nos paysages apr\u00e8s avoir initi\u00e9 une dynamique vertueuse, ne plus y intervenir, c\u2019est leur donner la chance de s\u2019exprimer et de s\u2019ancrer.<\/p>\n<p>Nos paysages doivent devenir des vecteurs d\u2019avenir et non s\u2019inscrire \u00e9ternellement dans le pr\u00e9sent.<\/p>\n<p>[\/et_pb_text][\/et_pb_column][\/et_pb_row][\/et_pb_section]<\/p>\n","protected":false},"excerpt":{"rendered":"<p>Le paysagiste engag\u00e9Quel avenir donnons-nous \u00e0 un site nouvellement construit ? Quelle possibilit\u00e9 d\u2019\u00e9volution laissons-nous au paysage livr\u00e9 ? Notre m\u00e9tier est d\u2019installer les conditions n\u00e9cessaires \u00e0 l\u2019autonomie. C\u2019est cr\u00e9er, organiser, envisager, penser un site sans le potentiel entretien n\u00e9cessaire \u00e0 sa survie. Notre ambition est d\u2019offrir un paysage o\u00f9 sa seule vocation n\u2019est pas [&hellip;]<\/p>\n","protected":false},"author":1,"featured_media":0,"parent":0,"menu_order":0,"comment_status":"closed","ping_status":"closed","template":"","meta":{"_et_pb_use_builder":"on","_et_pb_old_content":"","_et_gb_content_width":"","footnotes":""},"class_list":["post-460","page","type-page","status-publish","hentry"],"_links":{"self":[{"href":"https:\/\/actpaysage.com\/index.php\/wp-json\/wp\/v2\/pages\/460","targetHints":{"allow":["GET"]}}],"collection":[{"href":"https:\/\/actpaysage.com\/index.php\/wp-json\/wp\/v2\/pages"}],"about":[{"href":"https:\/\/actpaysage.com\/index.php\/wp-json\/wp\/v2\/types\/page"}],"author":[{"embeddable":true,"href":"https:\/\/actpaysage.com\/index.php\/wp-json\/wp\/v2\/users\/1"}],"replies":[{"embeddable":true,"href":"https:\/\/actpaysage.com\/index.php\/wp-json\/wp\/v2\/comments?post=460"}],"version-history":[{"count":4,"href":"https:\/\/actpaysage.com\/index.php\/wp-json\/wp\/v2\/pages\/460\/revisions"}],"predecessor-version":[{"id":567,"href":"https:\/\/actpaysage.com\/index.php\/wp-json\/wp\/v2\/pages\/460\/revisions\/567"}],"wp:attachment":[{"href":"https:\/\/actpaysage.com\/index.php\/wp-json\/wp\/v2\/media?parent=460"}],"curies":[{"name":"wp","href":"https:\/\/api.w.org\/{rel}","templated":true}]}}

Manifeste &#8211; Le paysagiste engagé

<p>[et_pb_section fb_built= »1&Prime; fullwidth= »on » _builder_version= »4.6.1&Prime; _module_preset= »default » background_color= »#f5f3ee »][et_pb_fullwidth_menu menu_id= »6&Prime; logo= »https://actpaysage.com/wp-content/uploads/2020/09/ACt_LOGO_200x100.png » logo_url= »@ET-DC@eyJkeW5hbWljIjp0cnVlLCJjb250ZW50IjoiaG9tZV91cmwiLCJzZXR0aW5ncyI6e319@ » disabled_on= »off|on|on » _builder_version= »4.6.1&Prime; _dynamic_attributes= »logo_url » _module_preset= »default » background_color= »#f5f3ee »][/et_pb_fullwidth_menu][/et_pb_section][et_pb_section fb_built= »1&Prime; _builder_version= »4.6.1&Prime; _module_preset= »default » background_color= »#f5f3ee »][et_pb_row column_structure= »1_4,3_4&Prime; _builder_version= »4.6.1&Prime; _module_preset= »default »][et_pb_column type= »1_4&Prime; _builder_version= »4.6.1&Prime; _module_preset= »default »][et_pb_sidebar area= »et_pb_widget_area_1&Prime; show_border= »off » disabled_on= »on|on|off » _builder_version= »4.6.1&Prime; _module_preset= »default » sticky_position= »top »][/et_pb_sidebar][/et_pb_column][et_pb_column type= »3_4&Prime; _builder_version= »4.6.1&Prime; _module_preset= »default »][et_pb_text _builder_version= »4.6.1&Prime; _module_preset= »default » text_font_size= »100px » text_line_height= »1em » text_font_size_tablet= »80px » text_font_size_phone= »60px » text_font_size_last_edited= »on|phone »]</p>
<p><strong>Le paysagiste engagé</strong></p>
<p>[/et_pb_text][et_pb_text _builder_version= »4.6.1&Prime; _module_preset= »default »]</p>
<p>Quel avenir donnons-nous à un site nouvellement construit ?</p>
<p>Quelle possibilité d’évolution laissons-nous au paysage livré ?</p>
<p>Notre métier est d’installer les conditions nécessaires à l’autonomie. C’est créer, organiser, envisager, penser un site sans le potentiel entretien nécessaire à sa survie.</p>
<p>Notre ambition est d’offrir un paysage où sa seule vocation n’est pas de l’entretenir.</p>
<p>Notre ambition est principalement d’offrir les prémices à un équilibre le plus stable possible ; d’installer un paysage destiné à s’épanouir et s’émanciper.</p>
<p>Sortir d’un entretien coûteux qui fragilise le devenir d’un paysage. Anticiper le rythme d’évolution de la palette végétale, c’est comprendre comment la dynamique végétale peut réduire les entretiens.</p>
<p>Et</p>
<p>Pour nous, oublier nos paysages après avoir initié une dynamique vertueuse, ne plus y intervenir, c’est leur donner la chance de s’exprimer et de s’ancrer.</p>
<p>Nos paysages doivent devenir des vecteurs d’avenir et non s’inscrire éternellement dans le présent.</p>
<p>[/et_pb_text][/et_pb_column][/et_pb_row][/et_pb_section]</p>

<p>Le paysagiste engagéQuel avenir donnons-nous à un site nouvellement construit ? Quelle possibilité d’évolution laissons-nous au paysage livré ? Notre métier est d’installer les conditions nécessaires à l’autonomie. C’est créer, organiser, envisager, penser un site sans le potentiel entretien nécessaire à sa survie. Notre ambition est d’offrir un paysage où sa seule vocation n’est pas [&hellip;]</p>
